et h be 1 + 0 - (-2)/(2/295). Let i = h + -164. Calculate the highest common divisor of i and 12.
12
Suppose 4*v = 5*v + 1. Let i = v - -2. Let l be (-5 + i)/(-12)*3. Calculate the greatest common factor of l and 2.
1
Let o be (52/(-24) - -1)/(5/(-30)). Let q(x) = 4*x**2 - 16. Let i be q(5). What is the greatest common factor of i and o?
7
Let t be (-4)/6 - ((-285)/9 + 7). Calculate the greatest common factor of t and 132.
12
Let v be 10 + (-4344)/(-8) + 6. What is the highest common divisor of v and 13?
13
Let i(q) = -q**2 + 10*q + 11. Let c be i(6). What is the highest common divisor of c and 7?
7
Suppose 0 = -3*g + 17*g - 476. Calculate the greatest common divisor of 6 and g.
2
Let y(j) = -17*j**2 + 127*j + 9. Let u be y(7). What is the greatest common divisor of 2 and u?
1
Let u be (1 - -2)*(-266)/(-6). Let b = 48 - 49. Let n be -4*(-18)/4 - b. What is the highest common divisor of u and n?
19
Suppose d + 4*b - 6 = 0, -2*d - 38 + 50 = b. Let k = 30 + -6. What is the greatest common divisor of d and k?
6
Suppose 0 = 3*k - p - 1728, 3*p + 576 = 2*k - k. Calculate the greatest common factor of k and 72.
72
Let u be (-4)/(-3 + (-40)/(-14)). Let m be 4/(16/u) - 3. Let g = m + 12. What is the greatest common factor of 16 and g?
16
Let s be (70/(-8))/((-2)/16). Let j = -536 + 564. Calculate the greatest common factor of s and j.
14
Suppose -d = 2*d. Suppose -4*s + d*s = 0. Suppose s*l - 100 = -5*l. What is the greatest common divisor of l and 4?
4
Let y = 123 - 85. Suppose -25 = -2*v + 165. What is the highest common divisor of y and v?
19
Let a be (-37)/(-185) + -3*(-9)/15. What is the highest common factor of a and 8?
2
Let p = 191 + -186. Calculate the highest common factor of 20 and p.
5
Suppose -2*a - 2*a + 3*d = -21, 0 = 3*a + d - 6. Suppose 3*y = 5*j + 27, -4*j = -a + 15. What is the greatest common factor of 6 and y?
2
Let v = 31 + -59. Let g be (-231)/v + (-2)/8. Suppose 13*o = g*o + 140. What is the highest common factor of 28 and o?
28
Let q(t) = -t**2 - 3*t - 1. Let n be q(-2). Suppose 0 = i - 2, -4*z = -4*i + 24. Let r be (z/(-6))/(-9*2/(-27)). What is the greatest common factor of r and n?
1
Let h(c) = 3*c**2 - 11*c + 7. Let z be h(11). Calculate the greatest common divisor of z and 3.
3
Let v be (-1)/(((-12)/18)/2). Calculate the greatest common divisor of v and 132.
3
Suppose 12*h + 35 = 7*h. Suppose u - 9 - 3 = 0. Let p = u + h. What is the greatest common factor of p and 35?
5
Suppose 20 = -4*s + 312. Suppose -2*t + 2*m = 5*m - 49, -m + s = 4*t. Calculate the highest common divisor of 187 and t.
17
Let y = -26 - -31. Suppose -2*z + z + 3*j = 19, 55 = -4*z + y*j. Let b = -5 - z. Calculate the greatest common factor of 20 and b.
5
Suppose 14*t - 12 = -p + 13*t, p = 5*t + 36. Let h(f) = -59*f - 1. Let z be h(-3). Calculate the highest common factor of p and z.
16
Let n be (-21)/(-14)*(2 + -4) + -1. Let w be (n + 5)*(23 + -2). Calculate the highest common factor of w and 105.
21
Let j = -380 - -513. What is the greatest common divisor of j and 57?
19
Suppose 2*x - x = -3*m + 14, 0 = -5*x - 2*m + 5. Let t = 0 - x. Let j(r) = 5*r - 1. Let p be j(2). Calculate the highest common factor of t and p.
1
Let o be 1 + -7 + (-2 - -3). Let g = -3 - o. Suppose -3*s + f + 44 = 0, -2*f + 6 = -s + 14. Calculate the highest common divisor of s and g.
2
Suppose 0 = k - 1, 5*s = -k - 3*k + 1129. What is the highest common factor of 165 and s?
15
Let d be (-8 + 240/45)/(1668/837 + -2). Let x be (-23)/(-2) + 3/6. Calculate the greatest common divisor of d and x.
12
Let f be (63/(-28))/((-35)/8 - -4). Suppose -g + 4 = 4*c, 4*c = -3*g - 2*g + 100. What is the greatest common divisor of f and g?
6
Let s be (1/(-2))/(36/(-5328)). Calculate the highest common factor of 10 and s.
2
Let a = -18 + 20. Suppose m - 49 = 3*s, 4*m - 203 = 7*s - a*s. Suppose m = u + 3*u. What is the highest common divisor of u and 13?
13
Let i(v) = 15*v - 5. Suppose 2*m + l - 6 = 0, -5*m + 8*m - 5*l = 22. Let q be i(m). What is the highest common divisor of 55 and q?
55
Let x(f) = -20 - 38 - 24*f + 2. Let w be x(-15). What is the greatest common divisor of 19 and w?
19
Let o be -3 - -7 - (3 - 15). Let a = -14 + 20. What is the highest common divisor of a and o?
2
Let u(h) = 15*h + 544. Let r be u(-34). Calculate the greatest common divisor of 187 and r.
17
Suppose -65 = 3*k - 119. Calculate the greatest common factor of 45 and k.
9
Let c(q) = -q**3 + 3*q**2 + 5*q + 3. Let o be c(-3). Suppose 24*b = 28*b - 112. Calculate the highest common factor of o and b.
14
Let h(n) = 3*n**2 + 40*n - 22. Let w be h(-14). Calculate the highest common factor of w and 69.
3
Let c(n) = 41*n**2 + 36*n + 109. Let f be c(-3). What is the highest common factor of 50 and f?
10
Let m = 9 - 15. Let y be (-6)/(m/4 + 0). Let c be (1 + 6)*(-16)/(-56). Calculate the highest common divisor of c and y.
2
Suppose -79 = 2*g - 3*g. Let r = -119 + g. Let t be (-8)/(-4) + -2 - r. Calculate the greatest common divisor of 16 and t.
8
Suppose -1 = -4*r + 131. Let u = 14 - 11. Calculate the highest common factor of u and r.
3
Let s = -38 + 46. Let q be (42/(-9))/(s/(-60)). What is the highest common divisor of 5 and q?
5
Suppose -4*j + 116 = 3*l, -3*j - 205 = -5*l - 2. What is the greatest common divisor of l and 200?
40
Let c be (5*(-144)/630)/(1/(-7)). Calculate the highest common divisor of 136 and c.
8
Let m = 460 + -341. Calculate the highest common divisor of m and 14.
7
Let y(l) = -l**2 - 16*l + 22. Let w be y(-14). What is the highest common divisor of w and 4?
2
Let p = 28 - 12. Suppose g - p = -3*g. Let f be (2 - 3) + g + 21. Calculate the highest common factor of 12 and f.
12
Suppose 104*o - 13670 = -4934. Calculate the highest common factor of 240 and o.
12
Suppose -b + 3*b - 10 = 0. Suppose -b*m - 151 = -3*j, -2*j - 83 = m + 2*m. Let l = m - -113. Calculate the highest common factor of 12 and l.
12
Suppose 404*a - 395*a - 360 = 0. Suppose -3 = u - 11. Calculate the greatest common factor of a and u.
8
Let i = 53 - 27. Let o = i + -17. What is the greatest common factor of 9 and o?
9
Suppose -3*f - 145 = 13*t - 17*t, 0 = -3*t - 5*f + 145. What is the highest common factor of t and 64?
8
Suppose -6*l = -64 + 334. Let d be (-456)/l + 18/(-135). What is the greatest common factor of 30 and d?
10
Let l(o) = -o**3 + 2*o + 17. Let z be l(0). Let m = z - -7. Calculate the greatest common divisor of 60 and m.
12
Let c(n) = 6*n**3 - n - 1. Let p be c(-1). Let a be 0 - 1*(4 + p). What is the greatest common divisor of 3 and a?
1
Suppose 3 = -7*d + 3. Suppose -2*r + 12*r - 2010 = d. Calculate the highest common factor of 67 and r.
67
Let d(a) = -a - 14. Let i be d(-16). Suppose -6 = 3*w + 5*q - 47, 0 = -w - i*q + 13. Calculate the greatest common factor of w and 85.
17
Let r = 480 - 298. Let c = -42 - -68. Calculate the highest common divisor of c and r.
26
Suppose -44*z + 46*z - q = 53, -4*z + 3*q + 105 = 0. What is the highest common factor of 1161 and z?
27
Suppose -54*r + 2432 = -38*r. What is the highest common factor of r and 88?
8
Let g(r) = 19*r - 15. Let v be g(3). Let l = 59 - v. What is the highest common factor of 34 and l?
17
Let y = 1 + 19. What is the greatest common factor of 940 and y?
20
Let y(x) = 29*x + 220. Let k be y(-7). Calculate the greatest common divisor of 68 and k.
17
Let b(s) = -7*s**3 - s**2 + 5*s + 6. Let n be b(-2). What is the highest common divisor of 174 and n?
6
Let y be 14196/65 + (-16)/(-10). What is the greatest common divisor of 5 and y?
5
Let v = -154 + 226. Calculate the greatest common divisor of v and 9.
9
Suppose 316 = 5*n + 26. Let s = 59 - n. Calculate the highest common factor of s and 8.
1
Let y be (0 - 0)*(4 - 5). Let b(a) = a**2 + 22. Let i be b(y). Suppose -t = 2*t - 99. Calculate the greatest common divisor of i and t.
11
Let k(g) = 16*g - 78. Suppose 7 = 7*w - 35. Let y be k(w). What is the highest common factor of y and 18?
18
Let r be -2*24/(-5)*(17 + -2). Calculate the greatest common factor of r and 96.
48
Suppose 5*b - 32 = 3*b + a, 4*b - 5*a = 70. Let q = b + 13. Calculate the highest common factor of q and 42.
14
Let a(b) = -b - 9. Let p be a(-11). Suppose -i = 2*i. Let k be i + (-2)/p + 45. Calculate the highest common factor of k and 4.
4
Let z be (-94